{"id":340,"date":"2020-04-24T08:28:36","date_gmt":"2020-04-24T06:28:36","guid":{"rendered":"https:\/\/hcck.fr\/?page_id=340"},"modified":"2020-04-27T20:17:49","modified_gmt":"2020-04-27T18:17:49","slug":"mon-anniversaire-sportif","status":"publish","type":"page","link":"https:\/\/hcck.fr\/index.php\/mon-anniversaire-sportif\/","title":{"rendered":"Mon anniversaire sportif"},"content":{"rendered":"\n<div class=\"wp-block-image\"><figure class=\"aligncenter size-large\"><img loading=\"lazy\" width=\"326\" height=\"252\" src=\"https:\/\/hcck.fr\/wp-content\/uploads\/2020\/04\/Capture-d\u2019\u00e9cran-2020-04-22-\u00e0-15.13.13-1.png\" alt=\"\" class=\"wp-image-361\" srcset=\"https:\/\/hcck.fr\/wp-content\/uploads\/2020\/04\/Capture-d\u2019\u00e9cran-2020-04-22-\u00e0-15.13.13-1.png 326w, https:\/\/hcck.fr\/wp-content\/uploads\/2020\/04\/Capture-d\u2019\u00e9cran-2020-04-22-\u00e0-15.13.13-1-300x232.png 300w\" sizes=\"(max-width: 326px) 100vw, 326px\" \/><\/figure><\/div>\n\n\n\n<p><strong>Public :<\/strong> A partir de 6 ans<br><strong>Dur\u00e9e :<\/strong> 2 heures<br><strong>P\u00e9riode : <\/strong>Le mercredi et samedi, Toute l&#8217;ann\u00e9e<br><strong>Tarifs :<\/strong> 12\u20ac \/ pers (4 enfants minimum)<\/p>\n\n\n\n<p><strong>Le concept :<\/strong><\/p>\n\n\n\n<p>Des activit\u00e9s sportives 100% nature conduiront les enfants \u00e0 relever des d\u00e9fis en course d&#8217;orientation, kayak et tir \u00e0 l&#8217;arc<\/p>\n\n\n\n<p>Des challenges permettront de d\u00e9velopper l&#8217;esprit d&#8217;\u00e9quipe et la dynamique de groupe<\/p>\n\n\n\n<p>Les activit\u00e9s propos\u00e9es ne demandent aucune connaissance technique hormis savoir nager<\/p>\n\n\n\n<figure class=\"wp-block-image size-large\"><img loading=\"lazy\" width=\"1024\" height=\"768\" src=\"https:\/\/hcck.fr\/wp-content\/uploads\/2020\/04\/Anniversaire-1024x768.jpeg\" alt=\"\" class=\"wp-image-349\" srcset=\"https:\/\/hcck.fr\/wp-content\/uploads\/2020\/04\/Anniversaire-1024x768.jpeg 1024w, https:\/\/hcck.fr\/wp-content\/uploads\/2020\/04\/Anniversaire-300x225.jpeg 300w, https:\/\/hcck.fr\/wp-content\/uploads\/2020\/04\/Anniversaire-768x576.jpeg 768w, https:\/\/hcck.fr\/wp-content\/uploads\/2020\/04\/Anniversaire-1536x1152.jpeg 1536w, https:\/\/hcck.fr\/wp-content\/uploads\/2020\/04\/Anniversaire-2048x1536.jpeg 2048w\" sizes=\"(max-width: 706px) 89vw, (max-width: 767px) 82vw, 740px\" \/><\/figure>\n\n\n\n<p><\/p>\n","protected":false},"excerpt":{"rendered":"<p>Public : A partir de 6 ansDur\u00e9e : 2 heuresP\u00e9riode : Le mercredi et samedi, Toute l&#8217;ann\u00e9eTarifs : 12\u20ac \/ pers (4 enfants minimum) Le concept : Des activit\u00e9s sportives &hellip; <\/p>\n<p class=\"link-more\"><a href=\"https:\/\/hcck.fr\/index.php\/mon-anniversaire-sportif\/\" class=\"more-link\">Continuer la lecture<span class=\"screen-reader-text\"> de &laquo;&nbsp;Mon anniversaire sportif&nbsp;&raquo;<\/span><\/a><\/p>\n","protected":false},"author":3,"featured_media":0,"parent":0,"menu_order":0,"comment_status":"closed","ping_status":"closed","template":"","meta":[],"_links":{"self":[{"href":"https:\/\/hcck.fr\/index.php\/wp-json\/wp\/v2\/pages\/340"}],"collection":[{"href":"https:\/\/hcck.fr\/index.php\/wp-json\/wp\/v2\/pages"}],"about":[{"href":"https:\/\/hcck.fr\/index.php\/wp-json\/wp\/v2\/types\/page"}],"author":[{"embeddable":true,"href":"https:\/\/hcck.fr\/index.php\/wp-json\/wp\/v2\/users\/3"}],"replies":[{"embeddable":true,"href":"https:\/\/hcck.fr\/index.php\/wp-json\/wp\/v2\/comments?post=340"}],"version-history":[{"count":3,"href":"https:\/\/hcck.fr\/index.php\/wp-json\/wp\/v2\/pages\/340\/revisions"}],"predecessor-version":[{"id":429,"href":"https:\/\/hcck.fr\/index.php\/wp-json\/wp\/v2\/pages\/340\/revisions\/429"}],"wp:attachment":[{"href":"https:\/\/hcck.fr\/index.php\/wp-json\/wp\/v2\/media?parent=340"}],"curies":[{"name":"wp","href":"https:\/\/api.w.org\/{rel}","templated":true}]}}