{"id":308,"date":"2020-04-19T11:05:07","date_gmt":"2020-04-19T09:05:07","guid":{"rendered":"http:\/\/hcck.fr\/?page_id=308"},"modified":"2022-08-25T19:45:28","modified_gmt":"2022-08-25T17:45:28","slug":"competition","status":"publish","type":"page","link":"https:\/\/hcck.fr\/index.php\/competition\/","title":{"rendered":"Comp\u00e9tition"},"content":{"rendered":"<div class=\"wp-block-image\">\n<figure class=\"aligncenter size-large\"><img loading=\"lazy\" width=\"1024\" height=\"576\" src=\"https:\/\/hcck.fr\/wp-content\/uploads\/2020\/04\/13-1-1024x576.jpg\" alt=\"\" class=\"wp-image-255\" srcset=\"https:\/\/hcck.fr\/wp-content\/uploads\/2020\/04\/13-1-1024x576.jpg 1024w, https:\/\/hcck.fr\/wp-content\/uploads\/2020\/04\/13-1-300x169.jpg 300w, https:\/\/hcck.fr\/wp-content\/uploads\/2020\/04\/13-1-768x432.jpg 768w, https:\/\/hcck.fr\/wp-content\/uploads\/2020\/04\/13-1-1536x864.jpg 1536w, https:\/\/hcck.fr\/wp-content\/uploads\/2020\/04\/13-1-2048x1152.jpg 2048w\" sizes=\"(max-width: 706px) 89vw, (max-width: 767px) 82vw, 740px\" \/><\/figure><\/div>\n\n\n<p>Le HCCK se sp\u00e9cialise en comp\u00e9tition sur la pratique du slalom. Cette pratique consiste \u00e0 \u00e9voluer dans un parcours en traversant des portes rouges et blanches, en faisant le meilleur temps possible tout en \u00e9vitant les p\u00e9nalit\u00e9s.<\/p>\n\n\n\n<p>Voici donc le slalom au HCCK en quelques chiffres :<\/p>\n\n\n\n<ul><li>55<sup>\u00e8me<\/sup>club sur 199 avec 8296 points (540 points pour les jugements),<\/li><li>Club en niveau national 3,<\/li><li>10 comp\u00e9titeurs pour 14 embarcations dont 13 en national 3 et 1 en national 2,<\/li><li>4 juges de portes form\u00e9s dont 2 tr\u00e8s actifs\u00a0!<\/li><\/ul>\n\n\n\n<figure class=\"wp-container-2 wp-block-gallery-1 wp-block-gallery has-nested-images columns-default is-cropped\">\n<figure class=\"wp-block-image size-large\"><img loading=\"lazy\" width=\"1024\" height=\"576\" data-id=\"273\"  src=\"https:\/\/hcck.fr\/wp-content\/uploads\/2020\/04\/3-6-1024x576.jpg\" alt=\"\" class=\"wp-image-273\" srcset=\"https:\/\/hcck.fr\/wp-content\/uploads\/2020\/04\/3-6-1024x576.jpg 1024w, https:\/\/hcck.fr\/wp-content\/uploads\/2020\/04\/3-6-300x169.jpg 300w, https:\/\/hcck.fr\/wp-content\/uploads\/2020\/04\/3-6-768x432.jpg 768w, https:\/\/hcck.fr\/wp-content\/uploads\/2020\/04\/3-6-1536x864.jpg 1536w, https:\/\/hcck.fr\/wp-content\/uploads\/2020\/04\/3-6-2048x1152.jpg 2048w\" sizes=\"(max-width: 706px) 89vw, (max-width: 767px) 82vw, 740px\" \/><\/figure>\n\n\n\n<figure class=\"wp-block-image size-large\"><img loading=\"lazy\" width=\"1024\" height=\"576\" data-id=\"278\"  src=\"https:\/\/hcck.fr\/wp-content\/uploads\/2020\/04\/7-5-1024x576.jpg\" alt=\"\" class=\"wp-image-278\" srcset=\"https:\/\/hcck.fr\/wp-content\/uploads\/2020\/04\/7-5-1024x576.jpg 1024w, https:\/\/hcck.fr\/wp-content\/uploads\/2020\/04\/7-5-300x169.jpg 300w, https:\/\/hcck.fr\/wp-content\/uploads\/2020\/04\/7-5-768x432.jpg 768w, https:\/\/hcck.fr\/wp-content\/uploads\/2020\/04\/7-5-1536x864.jpg 1536w, https:\/\/hcck.fr\/wp-content\/uploads\/2020\/04\/7-5-2048x1152.jpg 2048w\" sizes=\"(max-width: 706px) 89vw, (max-width: 767px) 82vw, 740px\" \/><\/figure>\n<\/figure>\n","protected":false},"excerpt":{"rendered":"<p>Le HCCK se sp\u00e9cialise en comp\u00e9tition sur la pratique du slalom. Cette pratique consiste \u00e0 \u00e9voluer dans un parcours en traversant des portes rouges et blanches, en faisant le meilleur &hellip; <\/p>\n<p class=\"link-more\"><a href=\"https:\/\/hcck.fr\/index.php\/competition\/\" class=\"more-link\">Continuer la lecture<span class=\"screen-reader-text\"> de &laquo;&nbsp;Comp\u00e9tition&nbsp;&raquo;<\/span><\/a><\/p>\n","protected":false},"author":3,"featured_media":0,"parent":0,"menu_order":0,"comment_status":"closed","ping_status":"closed","template":"","meta":[],"_links":{"self":[{"href":"https:\/\/hcck.fr\/index.php\/wp-json\/wp\/v2\/pages\/308"}],"collection":[{"href":"https:\/\/hcck.fr\/index.php\/wp-json\/wp\/v2\/pages"}],"about":[{"href":"https:\/\/hcck.fr\/index.php\/wp-json\/wp\/v2\/types\/page"}],"author":[{"embeddable":true,"href":"https:\/\/hcck.fr\/index.php\/wp-json\/wp\/v2\/users\/3"}],"replies":[{"embeddable":true,"href":"https:\/\/hcck.fr\/index.php\/wp-json\/wp\/v2\/comments?post=308"}],"version-history":[{"count":7,"href":"https:\/\/hcck.fr\/index.php\/wp-json\/wp\/v2\/pages\/308\/revisions"}],"predecessor-version":[{"id":615,"href":"https:\/\/hcck.fr\/index.php\/wp-json\/wp\/v2\/pages\/308\/revisions\/615"}],"wp:attachment":[{"href":"https:\/\/hcck.fr\/index.php\/wp-json\/wp\/v2\/media?parent=308"}],"curies":[{"name":"wp","href":"https:\/\/api.w.org\/{rel}","templated":true}]}}