{"id":121,"date":"2020-04-16T15:06:26","date_gmt":"2020-04-16T13:06:26","guid":{"rendered":"http:\/\/hcck.fr\/?page_id=121"},"modified":"2020-04-16T15:06:26","modified_gmt":"2020-04-16T13:06:26","slug":"nous-trouver","status":"publish","type":"page","link":"https:\/\/hcck.fr\/index.php\/nous-trouver\/","title":{"rendered":"Nous trouver"},"content":{"rendered":"\n<p>Le club se trouve <strong>4 quai Fran\u00e7ois Mitterrand <\/strong><\/p>\n\n\n\n<h2>Carte :<\/h2>\n\n\n\n<figure class=\"wp-block-image size-large\"><a href=\"https:\/\/www.google.fr\/maps\/place\/4+Quai+Fran%C3%A7ois+Mitterand,+14000+Caen\/@49.1823334,-0.3540814,17z\/data=!3m1!4b1!4m5!3m4!1s0x480a42a1fdf1641d:0x115132cd93722ef8!8m2!3d49.1823299!4d-0.3518927\" target=\"_blank\" rel=\"noopener noreferrer\"><img loading=\"lazy\" width=\"756\" height=\"594\" src=\"http:\/\/hcck.fr\/wp-content\/uploads\/2020\/04\/Capture.png\" alt=\"\" class=\"wp-image-123\" srcset=\"https:\/\/hcck.fr\/wp-content\/uploads\/2020\/04\/Capture.png 756w, https:\/\/hcck.fr\/wp-content\/uploads\/2020\/04\/Capture-300x236.png 300w\" sizes=\"(max-width: 706px) 89vw, (max-width: 767px) 82vw, 740px\" \/><\/a><\/figure>\n\n\n\n<h2>Acc\u00e8s :<\/h2>\n\n\n\n<p><a rel=\"noreferrer noopener\" href=\"https:\/\/www.twisto.fr\/\" target=\"_blank\"><strong>En transport en commun<\/strong> :<\/a><\/p>\n\n\n\n<ul><li><strong>T2 Direction CAEN Presqu&#8217;\u00eele :<\/strong> arr\u00eat CAEN Presqu&#8217;\u00eele<\/li><li><strong>Navette Gratuite : arr\u00eat Presqu&#8217;\u00eele<\/strong><\/li><li><strong>Ligne 20 :<\/strong> arr\u00eat Quai de la Londe<\/li><\/ul>\n\n\n\n<p><strong><a rel=\"noreferrer noopener\" href=\"https:\/\/caen.fr\/stationnement\" target=\"_blank\">En voiture :<\/a><\/strong><\/p>\n\n\n\n<ul><li>Parking du Tribunal<\/li><li>Parking de la Place Courtonne<\/li><li>Parking des Rives de l&#8217;Orne<\/li><\/ul>\n","protected":false},"excerpt":{"rendered":"<p>Le club se trouve 4 quai Fran\u00e7ois Mitterrand Carte : Acc\u00e8s : En transport en commun : T2 Direction CAEN Presqu&#8217;\u00eele : arr\u00eat CAEN Presqu&#8217;\u00eele Navette Gratuite : arr\u00eat Presqu&#8217;\u00eele &hellip; <\/p>\n<p class=\"link-more\"><a href=\"https:\/\/hcck.fr\/index.php\/nous-trouver\/\" class=\"more-link\">Continuer la lecture<span class=\"screen-reader-text\"> de &laquo;&nbsp;Nous trouver&nbsp;&raquo;<\/span><\/a><\/p>\n","protected":false},"author":4,"featured_media":84,"parent":0,"menu_order":0,"comment_status":"closed","ping_status":"closed","template":"","meta":[],"_links":{"self":[{"href":"https:\/\/hcck.fr\/index.php\/wp-json\/wp\/v2\/pages\/121"}],"collection":[{"href":"https:\/\/hcck.fr\/index.php\/wp-json\/wp\/v2\/pages"}],"about":[{"href":"https:\/\/hcck.fr\/index.php\/wp-json\/wp\/v2\/types\/page"}],"author":[{"embeddable":true,"href":"https:\/\/hcck.fr\/index.php\/wp-json\/wp\/v2\/users\/4"}],"replies":[{"embeddable":true,"href":"https:\/\/hcck.fr\/index.php\/wp-json\/wp\/v2\/comments?post=121"}],"version-history":[{"count":9,"href":"https:\/\/hcck.fr\/index.php\/wp-json\/wp\/v2\/pages\/121\/revisions"}],"predecessor-version":[{"id":158,"href":"https:\/\/hcck.fr\/index.php\/wp-json\/wp\/v2\/pages\/121\/revisions\/158"}],"wp:featuredmedia":[{"embeddable":true,"href":"https:\/\/hcck.fr\/index.php\/wp-json\/wp\/v2\/media\/84"}],"wp:attachment":[{"href":"https:\/\/hcck.fr\/index.php\/wp-json\/wp\/v2\/media?parent=121"}],"curies":[{"name":"wp","href":"https:\/\/api.w.org\/{rel}","templated":true}]}}